{"id":104,"date":"2023-07-28T22:08:49","date_gmt":"2023-07-28T20:08:49","guid":{"rendered":"https:\/\/ss-ekonomsko-birotehnicka-sb.skole.hr\/?page_id=104"},"modified":"2026-03-30T12:06:00","modified_gmt":"2026-03-30T10:06:00","slug":"financije","status":"publish","type":"page","link":"https:\/\/ss-ekonomsko-birotehnicka-sb.skole.hr\/?page_id=104","title":{"rendered":"Financije"},"content":{"rendered":"<p>[et_pb_section fb_built=&#8221;1&#8243; _builder_version=&#8221;4.22.1&#8243; _module_preset=&#8221;default&#8221; global_colors_info=&#8221;{}&#8221;][et_pb_row column_structure=&#8221;1_2,1_2&#8243; _builder_version=&#8221;4.22.1&#8243; _module_preset=&#8221;default&#8221; global_colors_info=&#8221;{}&#8221;][et_pb_column type=&#8221;1_2&#8243; _builder_version=&#8221;4.22.1&#8243; _module_preset=&#8221;default&#8221; global_colors_info=&#8221;{}&#8221;][et_pb_text _builder_version=&#8221;4.25.0&#8243; _module_preset=&#8221;default&#8221; text_font=&#8221;Gabriela|700|||||||&#8221; hover_enabled=&#8221;0&#8243; global_colors_info=&#8221;{}&#8221; sticky_enabled=&#8221;0&#8243;]<\/p>\n<p>Financijski planovi i izvje\u0161\u0107a:<\/p>\n<p><a href=\"https:\/\/web-arhiva.skole.hr\/ss-ekonomsko-birotehnicka-sb\/dokumenti\/financije.html\">Arhiva od 2014. do 2022. godine<\/a><\/p>\n<p><a href=\"https:\/\/ss-ekonomsko-birotehnicka-sb.skole.hr\/wp-content\/uploads\/sites\/790\/2023\/10\/Obrazlozenje-financijskog-plana-za-2023.-i-projekcija-za-2024.-i-2025.-godinu.doc\" rel=\"attachment wp-att-293701\">Obrazlo\u017eenje financijskog plana za 2023. i projekcija za 2024. i 2025. godinu<\/a><\/p>\n<p><a href=\"https:\/\/ss-ekonomsko-birotehnicka-sb.skole.hr\/wp-content\/uploads\/sites\/790\/2023\/10\/Obrazlozenje-izvjestaja-i-izvrsenju-financijskog-plana-za-2022.-godinu.docx\" rel=\"attachment wp-att-293698\">Obrazlo\u017eenje izvje\u0161taja i izvr\u0161enju financijskog plana za 2022. godinu<\/a><\/p>\n<p><a href=\"https:\/\/ss-ekonomsko-birotehnicka-sb.skole.hr\/wp-content\/uploads\/sites\/790\/2023\/10\/Plan-nabave-za-2023.-godinu.docx\" rel=\"attachment wp-att-293704\">Plan nabave za 2023. godinu<\/a><\/p>\n<p><a href=\"https:\/\/ss-ekonomsko-birotehnicka-sb.skole.hr\/wp-content\/uploads\/sites\/790\/2023\/10\/Polugodisnji-izvjestaj-o-izvrsenju-financijskog-plana-za-1.1.-30.6.2023.xlsx\" rel=\"attachment wp-att-293695\">Polugodi\u0161nji izvje\u0161taj o izvr\u0161enju financijskog plana za 1.1. &#8211; 30.6.2023.<\/a><\/p>\n<p><a href=\"https:\/\/ss-ekonomsko-birotehnicka-sb.skole.hr\/wp-content\/uploads\/sites\/790\/2024\/01\/Biljeske-uz-zavrsni-racun.pdf\" rel=\"attachment wp-att-296080\">Bilje\u0161ke uz zavr\u0161ni ra\u010dun<\/a><\/p>\n<p><a href=\"https:\/\/ss-ekonomsko-birotehnicka-sb.skole.hr\/wp-content\/uploads\/sites\/790\/2024\/01\/Financijsko-izvjesce-za-2023.-godinu.xlsx\" rel=\"attachment wp-att-296083\">Financijsko izvje\u0161\u0107e za 2023. godinu<\/a><\/p>\n<p><a href=\"https:\/\/ss-ekonomsko-birotehnicka-sb.skole.hr\/wp-content\/uploads\/sites\/790\/2024\/04\/Odluka-o-usvajanju-Godisnjeg-financijskog-izvjesca-za-2023.-god.pdf\" rel=\"attachment wp-att-297171\">Odluka o usvajanju Godi\u0161njeg financijskog izvje\u0161\u0107a za 2023. god.<\/a><\/p>\n<p><a href=\"https:\/\/ss-ekonomsko-birotehnicka-sb.skole.hr\/wp-content\/uploads\/sites\/790\/2024\/02\/FINANCIJSKI-PLAN-ZA-2024-2026.xlsx\" rel=\"attachment wp-att-296224\">Financijski plan za 2024. godinu<\/a><\/p>\n<p><a href=\"https:\/\/ss-ekonomsko-birotehnicka-sb.skole.hr\/wp-content\/uploads\/sites\/790\/2024\/02\/Obrazlozenje-financijskog-plana-za-2024.-godinu.docx\" rel=\"attachment wp-att-296622\">Obrazlo\u017eenje financijskog plana za 2024. godinu<\/a><\/p>\n<p><a href=\"https:\/\/ss-ekonomsko-birotehnicka-sb.skole.hr\/wp-content\/uploads\/sites\/790\/2024\/02\/Plan-nabave.xlsx\" rel=\"attachment wp-att-296221\">Plan nabave za 2024. godinu<\/a><\/p>\n<p><a href=\"https:\/\/ss-ekonomsko-birotehnicka-sb.skole.hr\/wp-content\/uploads\/sites\/790\/2024\/04\/Izvrsenje-financijskog-plana-1.1.-31.12.2023.xlsx\" rel=\"attachment wp-att-297144\">Izvr\u0161enje financijskog plana 1.1.-31.12.2023.\u00a0<\/a><\/p>\n<p><a href=\"https:\/\/ss-ekonomsko-birotehnicka-sb.skole.hr\/wp-content\/uploads\/sites\/790\/2024\/04\/Odluka-o-usvajanju-Godisnjeg-izvjestaja-o-izvrsenju-financijskog-plana-za-2023.-god.pdf\" rel=\"attachment wp-att-297150\">Odluka o usvajanju Godi\u0161njeg izvje\u0161taja o izvr\u0161enju financijskog plana za 2023. god.<\/a><\/p>\n<p><a href=\"https:\/\/docs.google.com\/spreadsheets\/d\/11AKZALZ36HVNWguEGOdTq0IEB2mXUcb4\/edit?usp=drive_link&amp;ouid=115986279619346084077&amp;rtpof=true&amp;sd=true\">Polugodi\u0161nji izvje\u0161taj o izvr\u0161enju financijskog plana za 1.1.-30.6.2023.<\/a><\/p>\n<p><a href=\"https:\/\/drive.google.com\/file\/d\/1dyyXjJM3jOcQyhBsfINQxosqKTtAPJQg\/view?usp=drive_link\">Odluka o usvajanju Izvje\u0161taja o izvr\u0161enju Financijskog plana (1.1.-30.6.2024.)<\/a><\/p>\n<p><a href=\"https:\/\/ss-ekonomsko-birotehnicka-sb.skole.hr\/wp-content\/uploads\/sites\/790\/2025\/01\/FINANCIJSKI-PLAN-ZA-2025-2027.xlsx\" rel=\"attachment wp-att-301182\">Financijski plan za 2025. i projekcije za 2026. i 2027. godinu<\/a><\/p>\n<p><a href=\"https:\/\/ss-ekonomsko-birotehnicka-sb.skole.hr\/wp-content\/uploads\/sites\/790\/2025\/01\/Financijsko-izvjesce-za-2024.-god.xlsx\" rel=\"attachment wp-att-301506\">Financijsko izvje\u0161\u0107e za 2024. god.; <\/a><a href=\"https:\/\/ss-ekonomsko-birotehnicka-sb.skole.hr\/wp-content\/uploads\/sites\/790\/2025\/01\/Referentna-stranica.pdf\" rel=\"attachment wp-att-301509\">Referentna stranica;<\/a> <a href=\"https:\/\/ss-ekonomsko-birotehnicka-sb.skole.hr\/wp-content\/uploads\/sites\/790\/2025\/01\/Biljeske-potpisano.pdf\" rel=\"attachment wp-att-301512\">Bilje\u0161ke<\/a><\/p>\n<p><a href=\"https:\/\/ss-ekonomsko-birotehnicka-sb.skole.hr\/wp-content\/uploads\/sites\/790\/2025\/02\/Odluka-o-usvajanju-Godisnjeg-financijskog-izvjesca-2024.pdf\" rel=\"attachment wp-att-302010\">Odluka o usvajanju Godi\u0161njeg financijskog izvje\u0161\u0107a za 2024. godinu<\/a><\/p>\n<p><a href=\"https:\/\/ss-ekonomsko-birotehnicka-sb.skole.hr\/wp-content\/uploads\/sites\/790\/2025\/01\/Plan-nabave-za-2025.-godinu.xlsx\" rel=\"attachment wp-att-301527\">Plan nabave za 2025. godinu<\/a><\/p>\n<p><a href=\"https:\/\/ss-ekonomsko-birotehnicka-sb.skole.hr\/wp-content\/uploads\/sites\/790\/2025\/05\/Izvrsenje-fiancijskog-plana-1.1.-31.12.2024.xlsx\" rel=\"attachment wp-att-304104\">Izvr\u0161enje fiancijskog plana 1.1.-31.12.2024.<\/a> <a href=\"https:\/\/ss-ekonomsko-birotehnicka-sb.skole.hr\/wp-content\/uploads\/sites\/790\/2025\/05\/Obrazlozenje-izvjestaja-o-izvrsenju-financijskog-plana-1.-12.2024.docx\" rel=\"attachment wp-att-304107\">Obrazlozenje izvjestaja o izvrsenju financijskog plana 1.-12.2024<\/a><\/p>\n<p><a href=\"https:\/\/ss-ekonomsko-birotehnicka-sb.skole.hr\/wp-content\/uploads\/sites\/790\/2025\/12\/Izvrsenje-fin.-plana-1.1.-30.6.2025.xlsx\" rel=\"attachment wp-att-306624\">Izvr\u0161enje financijskog plana 1.1.-30.6.2025.<\/a><\/p>\n<p><a href=\"https:\/\/ss-ekonomsko-birotehnicka-sb.skole.hr\/wp-content\/uploads\/sites\/790\/2026\/02\/FINANCIJSKI-PLAN-ZA-2026-2028-novo.xlsx\" rel=\"attachment wp-att-308250\">Financijski plan za 2026. godinu i projekcije za 2027. i 2028. godinu<\/a><a href=\"https:\/\/ss-ekonomsko-birotehnicka-sb.skole.hr\/wp-content\/uploads\/sites\/790\/2026\/02\/OBRAZLOZENJE-FIN.PLANA-ZA-2026.-2028.doc\" rel=\"attachment wp-att-308253\">;<\/a> <a href=\"https:\/\/ss-ekonomsko-birotehnicka-sb.skole.hr\/wp-content\/uploads\/sites\/790\/2026\/02\/OBRAZLOZENJE-FIN.PLANA-ZA-2026.-2028.doc\" rel=\"attachment wp-att-308253\">Obrazlo\u017eenje financijskog plana <\/a><\/p>\n<p><a href=\"https:\/\/ss-ekonomsko-birotehnicka-sb.skole.hr\/wp-content\/uploads\/sites\/790\/2026\/01\/Plan-nabave-2026.xlsx\" rel=\"attachment wp-att-307779\">Plan nabave za 2026. godinu<\/a><\/p>\n<p><a href=\"https:\/\/ss-ekonomsko-birotehnicka-sb.skole.hr\/wp-content\/uploads\/sites\/790\/2026\/02\/Obrasci_financijskih_izvjestaja_2025.xlsx\" rel=\"attachment wp-att-307896\">Financijsko izvje\u0161\u0107e za 2025. godinu<\/a> <a href=\"https:\/\/ss-ekonomsko-birotehnicka-sb.skole.hr\/wp-content\/uploads\/sites\/790\/2026\/02\/Referentna-stranica.pdf\" rel=\"attachment wp-att-307899\">Referentna stranica<\/a>\u00a0<a href=\"https:\/\/ss-ekonomsko-birotehnicka-sb.skole.hr\/wp-content\/uploads\/sites\/790\/2026\/01\/EU_izvjestaj_po_izvorima_financiranja_v_8.3.0.xlsx\" rel=\"attachment wp-att-307791\">EU projekti<\/a>\u00a0<a href=\"https:\/\/ss-ekonomsko-birotehnicka-sb.skole.hr\/wp-content\/uploads\/sites\/790\/2026\/01\/Biljeske-uz-financijske-izvjestaje-razine-31-za-I-XII-2025.docx\" rel=\"attachment wp-att-307788\">Bilje\u0161ke<\/a><\/p>\n<p><a href=\"https:\/\/ss-ekonomsko-birotehnicka-sb.skole.hr\/wp-content\/uploads\/sites\/790\/2026\/03\/Izvrsenje-fin.-plana-1.1.-31.12.2025.xlsx\" rel=\"attachment wp-att-309300\">Izvr\u0161enje financijskog plana 1.1.-31.12.2025.<\/a> <a href=\"https:\/\/ss-ekonomsko-birotehnicka-sb.skole.hr\/wp-content\/uploads\/sites\/790\/2026\/03\/Obrazlozenje-izvjestaja-o-izvrsenju-financijskog-plana-1.-12.-2025.docx\" rel=\"attachment wp-att-309303\">Obrazlo\u017eenje<\/a>\u00a0<\/p>\n<p>[\/et_pb_text][\/et_pb_column][et_pb_column type=&#8221;1_2&#8243; _builder_version=&#8221;4.22.1&#8243; _module_preset=&#8221;default&#8221; global_colors_info=&#8221;{}&#8221;][et_pb_text _builder_version=&#8221;4.22.1&#8243; _module_preset=&#8221;default&#8221; text_font=&#8221;Gabriela|700|||||||&#8221; global_colors_info=&#8221;{}&#8221;]<\/p>\n<p>Prilo\u017eeni dokumenti:<\/p>\n<p><a href=\"https:\/\/ss-ekonomsko-birotehnicka-sb.skole.hr\/wp-content\/uploads\/sites\/790\/2023\/10\/Procedura-zaprimanja-i-provjere-racuna-te-placanje-po-racunima.pdf\" rel=\"attachment wp-att-293653\">Procedura zaprimanja i provjere ra\u010duna te pla\u0107anje po ra\u010dunima<\/a><\/p>\n<p><a href=\"https:\/\/ss-ekonomsko-birotehnicka-sb.skole.hr\/wp-content\/uploads\/sites\/790\/2023\/10\/Procedura-pracenja-i-naplate-prihoda-i-primitaka-Ekonomsko-birotehnicke-skole-Slavonski-Brod.pdf\" rel=\"attachment wp-att-293656\">Procedura pra\u0107enja i naplate prihoda i primitaka Ekonomsko-birotehni\u010dke \u0161kole, Slavonski Brod<\/a><\/p>\n<p><a href=\"https:\/\/ss-ekonomsko-birotehnicka-sb.skole.hr\/wp-content\/uploads\/sites\/790\/2023\/10\/Sprecavanje-sukoba-interesa-i-korupcije-u-podrucju-javne-nabave.pdf\" rel=\"attachment wp-att-293659\">Spre\u010davanje sukoba interesa i korupcije u podru\u010dju javne nabave<\/a><\/p>\n<p><a href=\"https:\/\/ss-ekonomsko-birotehnicka-sb.skole.hr\/wp-content\/uploads\/sites\/790\/2023\/10\/Pravilnik-o-provedbi-postupka-jednostavne-nabave.pdf\" rel=\"attachment wp-att-293662\">Pravilnik o provedbi postupka jednostavne nabave<\/a><\/p>\n<p><a href=\"https:\/\/ss-ekonomsko-birotehnicka-sb.skole.hr\/wp-content\/uploads\/sites\/790\/2023\/10\/Pravilnik-o-izmjeni-Pravilnika-o-provedbi-postupka-jednostavne-nabave.pdf\" rel=\"attachment wp-att-293665\">Pravilnik o izmjeni Pravilnika o provedbi postupka jednostavne nabave<\/a><\/p>\n<p><a href=\"https:\/\/ss-ekonomsko-birotehnicka-sb.skole.hr\/wp-content\/uploads\/sites\/790\/2023\/10\/Procedura-stvaranja-ugovornih-obveza.pdf\" rel=\"attachment wp-att-293668\">Procedura stvaranja ugovornih obveza<\/a><\/p>\n<p><a href=\"https:\/\/ss-ekonomsko-birotehnicka-sb.skole.hr\/wp-content\/uploads\/sites\/790\/2023\/10\/Procedura-blagajnickog-poslovanja.pdf\" rel=\"attachment wp-att-293671\">Procedura blagajni\u010dkog poslovanja<\/a><\/p>\n<p><a href=\"https:\/\/ss-ekonomsko-birotehnicka-sb.skole.hr\/wp-content\/uploads\/sites\/790\/2023\/10\/Procedura-izdavanja-i-obracunavanja-putnih-naloga.pdf\" rel=\"attachment wp-att-293674\">Procedura izdavanja i obra\u010dunavanja putnih naloga<\/a><\/p>\n<p>[\/et_pb_text][\/et_pb_column][\/et_pb_row][\/et_pb_section]<\/p>\n","protected":false},"excerpt":{"rendered":"<p>Financijski planovi i izvje\u0161\u0107a: Arhiva od 2014. do 2022. godine Obrazlo\u017eenje financijskog plana za 2023. i projekcija za 2024. i 2025. godinu Obrazlo\u017eenje izvje\u0161taja i izvr\u0161enju financijskog plana za 2022. godinu Plan nabave za 2023. godinu Polugodi\u0161nji izvje\u0161taj o izvr\u0161enju financijskog plana za 1.1. &#8211; 30.6.2023. Bilje\u0161ke uz zavr\u0161ni ra\u010dun Financijsko izvje\u0161\u0107e za 2023. godinu [&hellip;]<\/p>\n","protected":false},"author":826,"featured_media":0,"parent":0,"menu_order":0,"comment_status":"closed","ping_status":"closed","template":"","meta":{"_et_pb_use_builder":"on","_et_pb_old_content":"","_et_gb_content_width":"","footnotes":""},"class_list":["post-104","page","type-page","status-publish","hentry"],"_links":{"self":[{"href":"https:\/\/ss-ekonomsko-birotehnicka-sb.skole.hr\/index.php?rest_route=\/wp\/v2\/pages\/104","targetHints":{"allow":["GET"]}}],"collection":[{"href":"https:\/\/ss-ekonomsko-birotehnicka-sb.skole.hr\/index.php?rest_route=\/wp\/v2\/pages"}],"about":[{"href":"https:\/\/ss-ekonomsko-birotehnicka-sb.skole.hr\/index.php?rest_route=\/wp\/v2\/types\/page"}],"author":[{"embeddable":true,"href":"https:\/\/ss-ekonomsko-birotehnicka-sb.skole.hr\/index.php?rest_route=\/wp\/v2\/users\/826"}],"replies":[{"embeddable":true,"href":"https:\/\/ss-ekonomsko-birotehnicka-sb.skole.hr\/index.php?rest_route=%2Fwp%2Fv2%2Fcomments&post=104"}],"version-history":[{"count":27,"href":"https:\/\/ss-ekonomsko-birotehnicka-sb.skole.hr\/index.php?rest_route=\/wp\/v2\/pages\/104\/revisions"}],"predecessor-version":[{"id":309309,"href":"https:\/\/ss-ekonomsko-birotehnicka-sb.skole.hr\/index.php?rest_route=\/wp\/v2\/pages\/104\/revisions\/309309"}],"wp:attachment":[{"href":"https:\/\/ss-ekonomsko-birotehnicka-sb.skole.hr\/index.php?rest_route=%2Fwp%2Fv2%2Fmedia&parent=104"}],"curies":[{"name":"wp","href":"https:\/\/api.w.org\/{rel}","templated":true}]}}