{"id":293119,"date":"2023-10-25T09:35:17","date_gmt":"2023-10-25T07:35:17","guid":{"rendered":"https:\/\/ss-ekonomsko-birotehnicka-sb.skole.hr\/?page_id=293119"},"modified":"2026-02-11T13:10:06","modified_gmt":"2026-02-11T12:10:06","slug":"vjezbenicke-tvrtke","status":"publish","type":"page","link":"https:\/\/ss-ekonomsko-birotehnicka-sb.skole.hr\/?page_id=293119","title":{"rendered":"Vje\u017ebeni\u010dke tvrtke"},"content":{"rendered":"\n<p><\/p>\n\n\n\n<p><strong><a href=\"https:\/\/web-arhiva.skole.hr\/ss-ekonomsko-birotehnicka-sb\/vjezbenicke_tvrtke\/pregled_rada.html\" data-type=\"link\" data-id=\"https:\/\/web-arhiva.skole.hr\/ss-ekonomsko-birotehnicka-sb\/vjezbenicke_tvrtke\/pregled_rada.html\">Povijesni pregled rada VT<\/a><\/strong><\/p>\n\n\n\n<p><strong>Vje\u017ebeni\u010dke tvrtke EB\u0160 u \u0161kolskoj godini 2025.\/2026.<\/strong><\/p>\n\n\n\n<p><a href=\"https:\/\/6915f8e3275a7.site123.me\/\">Lumi Candle<\/a><\/p>\n\n\n\n<p><a href=\"https:\/\/68f8a6e62d6f6.site123.me\/\">Velour<\/a><\/p>\n\n\n\n<p><strong>Vje\u017ebeni\u010dke tvrtke EB\u0160 u \u0161kolskoj godini 2023.\/2024.<\/strong><\/p>\n\n\n\n<p><a href=\"https:\/\/anteazubak01.wixsite.com\/zlatarna-zmai\" data-type=\"link\" data-id=\"https:\/\/anteazubak01.wixsite.com\/zlatarna-zmai\">Zlatarna Zmai\u0107<\/a><\/p>\n\n\n\n<p><a href=\"https:\/\/fogadicborna.wixsite.com\/jedan-manje-vt\" data-type=\"link\" data-id=\"https:\/\/fogadicborna.wixsite.com\/jedan-manje-vt\">VT Jedan manje<\/a><\/p>\n\n\n\n<p><strong>Vje\u017ebeni\u010dke tvrtke EB\u0160 u \u0161kolskoj godini 2022.\/2023.<\/strong><\/p>\n\n\n\n<p>3. a razred<\/p>\n\n\n\n<p><strong>Bea d.o.o.<\/strong><\/p>\n\n\n\n<p>Prodaja pli\u0161anih igra\u010daka<\/p>\n\n\n\n<p>bea.ekbs@gmail.com<\/p>\n\n\n\n<p><strong>House of Gold d.o.o.<\/strong><\/p>\n\n\n\n<p>Prodaja nakita<\/p>\n\n\n\n<p>houseofgold.ekbs@gmail.com<\/p>\n\n\n\n<p>4. a razred<\/p>\n\n\n\n<p><strong>GPSport d.o.o.<\/strong><\/p>\n\n\n\n<p>Prodaja sportske opreme<\/p>\n\n\n\n<p>gpsport.ekbs@gmail.com<\/p>\n\n\n\n<p><strong>Solar Tech d.o.o.<\/strong><\/p>\n\n\n\n<p>Prodaja ure\u0111aja na solarnu energiju<\/p>\n\n\n\n<p>solartech.ekbs@gmail.com<\/p>\n\n\n\n<p>4. b razred<\/p>\n\n\n\n<p><strong>Babl d.o.o.<\/strong><\/p>\n\n\n\n<p>Prodaja kozmeti\u010dkih proizvoda<\/p>\n\n\n\n<p>babl.ekbs@gmail.com<\/p>\n\n\n\n<p><strong>Zeus d.o.o.<\/strong><\/p>\n\n\n\n<p>Prodaja bijele tehnike<\/p>\n\n\n\n<p>zeus.ekbs@gmail.com<\/p>\n\n\n\n<p><strong>Vje\u017ebeni\u010dke tvrtke EB\u0160 u \u0161kolskoj godini 2020.\/2021.<\/strong><\/p>\n\n\n\n<p><a href=\"https:\/\/allegrodoo1.wixsite.com\/allegrodooebssb\">Allegro &#8211; proizvodnja i prodaja piva<\/a><\/p>\n\n\n\n<p><a href=\"https:\/\/ekonomskamaza1234.wixsite.com\/mysite\">Maza d.o.o.&nbsp;<\/a><\/p>\n\n\n\n<p><strong>Vje\u017ebeni\u010dke tvrtke EB\u0160 u \u0161kolskoj godini 2019.\/2020.<\/strong><\/p>\n\n\n\n<p><a href=\"https:\/\/josipamartincevic8.wixsite.com\/mobxhr\">Mob X &#8211; prodaja mobitela i opreme<\/a><\/p>\n\n\n\n<p><a href=\"https:\/\/leonferic2002.wixsite.com\/mysite\">EkoAirlines &#8211; aviokompanija<\/a><\/p>\n\n\n\n<p><a href=\"https:\/\/loragasparac9.wixsite.com\/website-1\">Slatka tajna &#8211; prodaja slatki\u0161a<\/a><\/p>\n\n\n\n<p><a href=\"https:\/\/ivanmaricc11122.wixsite.com\/website-1\">Planet Toys &#8211; prodaja igra\u010daka<\/a><\/p>\n\n\n\n<p><a href=\"https:\/\/palloncino-d-o-o.webnode.hr\/\">Palloncino d.o.o. &#8211; interaktivna event management agencija<\/a><\/p>\n\n\n\n<p><a href=\"https:\/\/casiakremehr.wixsite.com\/casia\">Casia &#8211; proizvodnja krema na biljnoj bazi<\/a><\/p>\n\n\n\n<p><\/p>\n\n\n\n<p><\/p>\n","protected":false},"excerpt":{"rendered":"<p>Povijesni pregled rada VT Vje\u017ebeni\u010dke tvrtke EB\u0160 u \u0161kolskoj godini 2025.\/2026. Lumi Candle Velour Vje\u017ebeni\u010dke tvrtke EB\u0160 u \u0161kolskoj godini 2023.\/2024. Zlatarna Zmai\u0107 VT Jedan manje Vje\u017ebeni\u010dke tvrtke EB\u0160 u \u0161kolskoj godini 2022.\/2023. 3. a razred Bea d.o.o. Prodaja pli\u0161anih igra\u010daka bea.ekbs@gmail.com House of Gold d.o.o. Prodaja nakita houseofgold.ekbs@gmail.com 4. a razred GPSport d.o.o. Prodaja [&hellip;]<\/p>\n","protected":false},"author":826,"featured_media":0,"parent":0,"menu_order":0,"comment_status":"closed","ping_status":"closed","template":"","meta":{"_et_pb_use_builder":"off","_et_pb_old_content":"<!-- wp:paragraph -->\n<p><\/p>\n<!-- \/wp:paragraph -->\n\n<!-- wp:paragraph -->\n<p><strong><a href=\"http:\/\/www.ss-ekonomsko-birotehnicka-sb.skole.hr\/vjezbenicke_tvrtke\/pregled_rada\">Povijesni pregled rada VT<\/a><\/strong><\/p>\n<!-- \/wp:paragraph -->\n\n<!-- wp:paragraph -->\n<p><\/p>\n<!-- \/wp:paragraph -->\n\n<!-- wp:paragraph -->\n<p><strong>Vje\u017ebeni\u010dke tvrtke EB\u0160 u \u0161kolskoj godini 2022.\/2023.<\/strong><\/p>\n<!-- \/wp:paragraph -->\n\n<!-- wp:paragraph -->\n<p>3. a razred<\/p>\n<!-- \/wp:paragraph -->\n\n<!-- wp:paragraph -->\n<p><strong>Bea d.o.o.<\/strong><\/p>\n<!-- \/wp:paragraph -->\n\n<!-- wp:paragraph -->\n<p>Prodaja pli\u0161anih igra\u010daka<\/p>\n<!-- \/wp:paragraph -->\n\n<!-- wp:paragraph -->\n<p>bea.ekbs@gmail.com<\/p>\n<!-- \/wp:paragraph -->\n\n<!-- wp:paragraph -->\n<p><strong>House of Gold d.o.o.<\/strong><\/p>\n<!-- \/wp:paragraph -->\n\n<!-- wp:paragraph -->\n<p>Prodaja nakita<\/p>\n<!-- \/wp:paragraph -->\n\n<!-- wp:paragraph -->\n<p>houseofgold.ekbs@gmail.com<\/p>\n<!-- \/wp:paragraph -->\n\n<!-- wp:paragraph -->\n<p>4. a razred<\/p>\n<!-- \/wp:paragraph -->\n\n<!-- wp:paragraph -->\n<p><strong>GPSport d.o.o.<\/strong><\/p>\n<!-- \/wp:paragraph -->\n\n<!-- wp:paragraph -->\n<p>Prodaja sportske opreme<\/p>\n<!-- \/wp:paragraph -->\n\n<!-- wp:paragraph -->\n<p>gpsport.ekbs@gmail.com<\/p>\n<!-- \/wp:paragraph -->\n\n<!-- wp:paragraph -->\n<p><strong>Solar Tech d.o.o.<\/strong><\/p>\n<!-- \/wp:paragraph -->\n\n<!-- wp:paragraph -->\n<p>Prodaja ure\u0111aja na solarnu energiju<\/p>\n<!-- \/wp:paragraph -->\n\n<!-- wp:paragraph -->\n<p>solartech.ekbs@gmail.com<\/p>\n<!-- \/wp:paragraph -->\n\n<!-- wp:paragraph -->\n<p>4. b razred<\/p>\n<!-- \/wp:paragraph -->\n\n<!-- wp:paragraph -->\n<p><strong>Babl d.o.o.<\/strong><\/p>\n<!-- \/wp:paragraph -->\n\n<!-- wp:paragraph -->\n<p>Prodaja kozmeti\u010dkih proizvoda<\/p>\n<!-- \/wp:paragraph -->\n\n<!-- wp:paragraph -->\n<p>babl.ekbs@gmail.com<\/p>\n<!-- \/wp:paragraph -->\n\n<!-- wp:paragraph -->\n<p><strong>Zeus d.o.o.<\/strong><\/p>\n<!-- \/wp:paragraph -->\n\n<!-- wp:paragraph -->\n<p>Prodaja bijele tehnike<\/p>\n<!-- \/wp:paragraph -->\n\n<!-- wp:paragraph -->\n<p>zeus.ekbs@gmail.com<\/p>\n<!-- \/wp:paragraph -->\n\n<!-- wp:paragraph -->\n<p><strong>Vje\u017ebeni\u010dke tvrtke EB\u0160 u \u0161kolskoj godini 2020.\/2021.<\/strong><\/p>\n<!-- \/wp:paragraph -->\n\n<!-- wp:paragraph -->\n<p><a href=\"https:\/\/allegrodoo1.wixsite.com\/allegrodooebssb\">Allegro - proizvodnja i prodaja piva<\/a><\/p>\n<!-- \/wp:paragraph -->\n\n<!-- wp:paragraph -->\n<p><a href=\"https:\/\/ekonomskamaza1234.wixsite.com\/mysite\">Maza d.o.o.&nbsp;<\/a><\/p>\n<!-- \/wp:paragraph -->\n\n<!-- wp:paragraph -->\n<p><strong>Vje\u017ebeni\u010dke tvrtke EB\u0160 u \u0161kolskoj godini 2019.\/2020.<\/strong><\/p>\n<!-- \/wp:paragraph -->\n\n<!-- wp:paragraph -->\n<p><a href=\"https:\/\/josipamartincevic8.wixsite.com\/mobxhr\">Mob X - prodaja mobitela i opreme<\/a><\/p>\n<!-- \/wp:paragraph -->\n\n<!-- wp:paragraph -->\n<p><a href=\"https:\/\/leonferic2002.wixsite.com\/mysite\">EkoAirlines - aviokompanija<\/a><\/p>\n<!-- \/wp:paragraph -->\n\n<!-- wp:paragraph -->\n<p><a href=\"https:\/\/loragasparac9.wixsite.com\/website-1\">Slatka tajna - prodaja slatki\u0161a<\/a><\/p>\n<!-- \/wp:paragraph -->\n\n<!-- wp:paragraph -->\n<p><a href=\"https:\/\/ivanmaricc11122.wixsite.com\/website-1\">Planet Toys - prodaja igra\u010daka<\/a><\/p>\n<!-- \/wp:paragraph -->\n\n<!-- wp:paragraph -->\n<p><a href=\"https:\/\/palloncino-d-o-o.webnode.hr\/\">Palloncino d.o.o. - interaktivna event management agencija<\/a><\/p>\n<!-- \/wp:paragraph -->\n\n<!-- wp:paragraph -->\n<p><a href=\"https:\/\/casiakremehr.wixsite.com\/casia\">Casia - proizvodnja krema na biljnoj bazi<\/a><\/p>\n<!-- \/wp:paragraph -->\n\n<!-- wp:paragraph -->\n<p><\/p>\n<!-- \/wp:paragraph -->\n\n<!-- wp:paragraph -->\n<p><\/p>\n<!-- \/wp:paragraph -->","_et_gb_content_width":"","footnotes":""},"class_list":["post-293119","page","type-page","status-publish","hentry"],"_links":{"self":[{"href":"https:\/\/ss-ekonomsko-birotehnicka-sb.skole.hr\/index.php?rest_route=\/wp\/v2\/pages\/293119","targetHints":{"allow":["GET"]}}],"collection":[{"href":"https:\/\/ss-ekonomsko-birotehnicka-sb.skole.hr\/index.php?rest_route=\/wp\/v2\/pages"}],"about":[{"href":"https:\/\/ss-ekonomsko-birotehnicka-sb.skole.hr\/index.php?rest_route=\/wp\/v2\/types\/page"}],"author":[{"embeddable":true,"href":"https:\/\/ss-ekonomsko-birotehnicka-sb.skole.hr\/index.php?rest_route=\/wp\/v2\/users\/826"}],"replies":[{"embeddable":true,"href":"https:\/\/ss-ekonomsko-birotehnicka-sb.skole.hr\/index.php?rest_route=%2Fwp%2Fv2%2Fcomments&post=293119"}],"version-history":[{"count":5,"href":"https:\/\/ss-ekonomsko-birotehnicka-sb.skole.hr\/index.php?rest_route=\/wp\/v2\/pages\/293119\/revisions"}],"predecessor-version":[{"id":308025,"href":"https:\/\/ss-ekonomsko-birotehnicka-sb.skole.hr\/index.php?rest_route=\/wp\/v2\/pages\/293119\/revisions\/308025"}],"wp:attachment":[{"href":"https:\/\/ss-ekonomsko-birotehnicka-sb.skole.hr\/index.php?rest_route=%2Fwp%2Fv2%2Fmedia&parent=293119"}],"curies":[{"name":"wp","href":"https:\/\/api.w.org\/{rel}","templated":true}]}}