{"id":293968,"date":"2023-11-06T09:05:44","date_gmt":"2023-11-06T08:05:44","guid":{"rendered":"https:\/\/ss-ekonomsko-birotehnicka-sb.skole.hr\/?page_id=293968"},"modified":"2025-11-05T11:59:56","modified_gmt":"2025-11-05T10:59:56","slug":"strucna-vijeca-skole","status":"publish","type":"page","link":"https:\/\/ss-ekonomsko-birotehnicka-sb.skole.hr\/?page_id=293968","title":{"rendered":"Stru\u010dna vije\u0107a \u0161kole"},"content":{"rendered":"\n<p><strong>\u0160kolska godina  2025.\/26.<\/strong><\/p>\n\n\n\n<p>U stru\u010dno vije\u0107e <strong>nastavnika stranih jezika<\/strong> imenuju se: <\/p>\n\n\n\n<ul class=\"wp-block-list\">\n<li>Ivana Dujmovi\u0107, profesor povijesti i engleskog jezika i knji\u017eevnosti <\/li>\n\n\n\n<li>Mirta Kos Kolobari\u0107, magistra znanosti <\/li>\n\n\n\n<li>Anita Maratovi\u0107 Toli\u0107, magistra njema\u010dkog jezika <\/li>\n\n\n\n<li>Ivana Opa\u010dak, prof. engleskog jezika i knji\u017eevnosti i hrvatskog jezika i knji\u017eevnosti-<strong>voditeljica<\/strong><\/li>\n\n\n\n<li>Ana Rado\u010daj, prof. njema\u010dkog i engleskog jezika <\/li>\n\n\n\n<li>Antonija Stvori\u0107, mag. educ. engleskog jezika i knji\u017eevnosti i pedagogije <\/li>\n\n\n\n<li>Jasmina \u0160op, prof. talijanskog jezika<\/li>\n\n\n\n<li>Anamarija Vuk\u0161i\u0107, prof. engleskog i njema\u010dkog jezika i knji\u017eevnosti<\/li>\n<\/ul>\n\n\n\n<p><\/p>\n\n\n\n<p>U stru\u010dno vije\u0107e nastavnika strukovne grupe predmeta \u2013 sektor ekonomija, trgovina i poslovna administracija &#8211; podsektor <strong>ekonomija<\/strong> imenuju se:  <\/p>\n\n\n\n<ul class=\"wp-block-list\">\n<li>Maja Antolovi\u0107, dipl. ekonomist<\/li>\n\n\n\n<li>Valentina Bodro\u017ei\u0107-Selak, univ. spec.oec.<\/li>\n\n\n\n<li>Tea Jankovi\u0107 Mikol\u010devi\u0107, mag. ekonomije <\/li>\n\n\n\n<li>\u017deljka Poleksi\u0107, dipl. ekonomist<\/li>\n\n\n\n<li>Darija Samard\u017ei\u0107, dipl. ekonomist-<strong>voditeljica<\/strong><\/li>\n\n\n\n<li>Mirna Vovk, dipl. ekonomist<\/li>\n<\/ul>\n\n\n\n<p><\/p>\n\n\n\n<p>U stru\u010dno vije\u0107e nastavnika strukovne grupe predmeta &#8211; obrazovni sektor ekonomija, trgovina i poslovna administracija podsektor <strong>poslovna administracija i  trgovina; sektor ugostiteljstvo i turizam<\/strong> imenuju se: <\/p>\n\n\n\n<ul class=\"wp-block-list\">\n<li>Ivan Dev\u010di\u0107, mag. prava &#8211; <strong>voditelj<\/strong><\/li>\n\n\n\n<li>Marina Goleni\u0107, upravni pravnik<\/li>\n\n\n\n<li>Ana Jeli\u0107, dipl. pravnik<\/li>\n\n\n\n<li>Marija Juri\u0107,&nbsp; profesor hrvatskog jezika i knji\u017eevnosti<\/li>\n\n\n\n<li>Sanda Kova\u010di\u0107, dipl. ekonomist<\/li>\n\n\n\n<li>Mirko Vin\u010di\u0107, dipl. ekonomist<\/li>\n\n\n\n<li>Vlasta Vuksanovi\u0107,dipl.ekonomist<\/li>\n\n\n\n<li>Valerija \u0160prajc, dipl. ekonomist<\/li>\n<\/ul>\n\n\n\n<p><\/p>\n\n\n\n<p>U stru\u010dno vije\u0107a <strong>nastavnika hrvatskoga jezika<\/strong> imenuju se:                    <\/p>\n\n\n\n<ul class=\"wp-block-list\">\n<li>Ivan Bari\u010devi\u0107, prof. hrvatskog jezika i dipl. arheolog-<strong>voditelj<\/strong><\/li>\n\n\n\n<li>Vesna Bi\u010dani\u0107 Janje, prof. povijesti i hrvatskog jezika i knji\u017eevnosti<\/li>\n\n\n\n<li>Aleksandra Juri\u0107, prof. hrvatskog jezika i knji\u017eevnosti<\/li>\n\n\n\n<li>Dajana&nbsp; Kne\u017eevi\u0107,&nbsp; prof. hrvatskog jezika i knji\u017eevnosti<\/li>\n\n\n\n<li>Irena Mikajevi\u0107, mag. kroatologije <\/li>\n<\/ul>\n\n\n\n<p><\/p>\n\n\n\n<p>U stru\u010dno vije\u0107e <strong>nastavnika prirodne grupe predmeta<\/strong> imenuju se:  <\/p>\n\n\n\n<ul class=\"wp-block-list\">\n<li>\u017deljka Balunovi\u0107, magistra edukacije matematike i fizike&nbsp;&nbsp;&nbsp;&nbsp;&nbsp;<\/li>\n\n\n\n<li>Martina Ban\u010di\u0107, magistra edukacije matematike i informatike<\/li>\n\n\n\n<li>Hrvoje Hricak, prof. povijesti i geografije<\/li>\n\n\n\n<li>Mato Kuha\u010d, prof. matematike i fizike<\/li>\n\n\n\n<li>Darija Pastuovi\u0107, dipl. ing. matematike<\/li>\n\n\n\n<li>Ana Seletkovi\u0107, prof. matematike i informatike<\/li>\n\n\n\n<li>Anamarija Sveri\u0107, magistra geografije <\/li>\n\n\n\n<li>Jasna Tomljenovi\u0107, magistra edukacije biologije-<strong>voditeljica<\/strong><\/li>\n<\/ul>\n\n\n\n<p><\/p>\n\n\n\n<p>U stru\u010dno vije\u0107e <strong>nastavnika dru\u0161tvene grupe predmeta i nastavnika tjelesne i zdravstvene kulture<\/strong> imenuju se:    <\/p>\n\n\n\n<ul class=\"wp-block-list\">\n<li>Ivanka Alaber, dipl. kateheta<\/li>\n\n\n\n<li>Marina Bradi\u0107, magistra kineziologije<\/li>\n\n\n\n<li>Magdalena Brni\u0107, univ bacc. psych<\/li>\n\n\n\n<li>Snje\u017eana Cindri\u0107, prof.&nbsp; fizi\u010dke kulture<\/li>\n\n\n\n<li>Marko Gali\u0107, magistar latinskog jezika i knji\u017eevnosti<\/li>\n\n\n\n<li>Snje\u017eana Jergovi\u0107 Toli\u0107, profesor filozofije i religijske kulture<\/li>\n\n\n\n<li>Zvonimir Maji\u0107, prof. fizi\u010dke kulture.<\/li>\n\n\n\n<li>Mihaela Mari\u010devi\u0107, dipl. teolog <\/li>\n\n\n\n<li>Ana Ram\u0161ak, prof. povijesti i povijesti umjetnosti<\/li>\n\n\n\n<li>Ivana Seletkovi\u0107, dr. sociolo\u0161kih znanosti-<strong>voditeljica<\/strong><\/li>\n\n\n\n<li>Ivana \u017dalac, magistra edukacije filozofije i povijesti.<\/li>\n<\/ul>\n","protected":false},"excerpt":{"rendered":"<p>\u0160kolska godina 2025.\/26. U stru\u010dno vije\u0107e nastavnika stranih jezika imenuju se: U stru\u010dno vije\u0107e nastavnika strukovne grupe predmeta \u2013 sektor ekonomija, trgovina i poslovna administracija &#8211; podsektor ekonomija imenuju se: U stru\u010dno vije\u0107e nastavnika strukovne grupe predmeta &#8211; obrazovni sektor ekonomija, trgovina i poslovna administracija podsektor poslovna administracija i trgovina; sektor ugostiteljstvo i turizam imenuju [&hellip;]<\/p>\n","protected":false},"author":826,"featured_media":0,"parent":0,"menu_order":0,"comment_status":"closed","ping_status":"closed","template":"","meta":{"_et_pb_use_builder":"off","_et_pb_old_content":"<!-- wp:paragraph -->\n<p><strong>\u0160kolska godina  2023.\/24.<\/strong><\/p>\n<!-- \/wp:paragraph -->\n\n<!-- wp:paragraph -->\n<p>U stru\u010dno vije\u0107e <strong>nastavnika stranih jezika<\/strong> imenuju se: <\/p>\n<!-- \/wp:paragraph -->\n\n<!-- wp:list -->\n<ul><!-- wp:list-item -->\n<li>Ivana Dujmovi\u0107, profesor povijesti i engleskog jezika i knji\u017eevnosti <\/li>\n<!-- \/wp:list-item -->\n\n<!-- wp:list-item -->\n<li>Mirta Kos Kolobari\u0107, magistra znanosti - voditeljica <\/li>\n<!-- \/wp:list-item -->\n\n<!-- wp:list-item -->\n<li>Anita Maratovi\u0107 Toli\u0107, magistra njema\u010dkog jezika <\/li>\n<!-- \/wp:list-item -->\n\n<!-- wp:list-item -->\n<li>Ivana Opa\u010dak, prof. engleskog jezika i knji\u017eevnosti i hrvatskog jezika i knji\u017eevnosti <\/li>\n<!-- \/wp:list-item -->\n\n<!-- wp:list-item -->\n<li>Ana Rado\u010daj, prof. njema\u010dkog i engleskog jezika <\/li>\n<!-- \/wp:list-item -->\n\n<!-- wp:list-item -->\n<li>Antonija Stvori\u0107, mag. educ. engleskog jezika i knji\u017eevnosti i pedagogije <\/li>\n<!-- \/wp:list-item -->\n\n<!-- wp:list-item -->\n<li>Jasmina \u0160op, prof. talijanskog jezika  <\/li>\n<!-- \/wp:list-item --><\/ul>\n<!-- \/wp:list -->\n\n<!-- wp:paragraph -->\n<p><\/p>\n<!-- \/wp:paragraph -->\n\n<!-- wp:paragraph -->\n<p>U stru\u010dno vije\u0107e nastavnika strukovne grupe predmeta \u2013 sektor ekonomija, trgovina i poslovna administracija - podsektor <strong>ekonomija<\/strong> imenuju se:  <\/p>\n<!-- \/wp:paragraph -->\n\n<!-- wp:list -->\n<ul><!-- wp:list-item -->\n<li>Maja Antolovi\u0107, dipl. ekonomist<\/li>\n<!-- \/wp:list-item -->\n\n<!-- wp:list-item -->\n<li>Valentina Bodro\u017ei\u0107-Selak, univ. spec.oec. - voditeljica <\/li>\n<!-- \/wp:list-item -->\n\n<!-- wp:list-item -->\n<li>Tea Jankovi\u0107 Mikol\u010devi\u0107, mag. ekonomije <\/li>\n<!-- \/wp:list-item -->\n\n<!-- wp:list-item -->\n<li>\u017deljka Poleksi\u0107, dipl. ekonomist <\/li>\n<!-- \/wp:list-item -->\n\n<!-- wp:list-item -->\n<li>Mirna Vovk, dipl. ekonomist  <\/li>\n<!-- \/wp:list-item --><\/ul>\n<!-- \/wp:list -->\n\n<!-- wp:paragraph -->\n<p><\/p>\n<!-- \/wp:paragraph -->\n\n<!-- wp:paragraph -->\n<p>U stru\u010dno vije\u0107e nastavnika strukovne grupe predmeta - obrazovni sektor ekonomija, trgovina i poslovna administracija podsektor <strong>poslovna administracija i  trgovina; sektor ugostiteljstvo i turizam<\/strong> imenuju se: <\/p>\n<!-- \/wp:paragraph -->\n\n<!-- wp:list -->\n<ul><!-- wp:list-item -->\n<li>Marina Goleni\u0107, upravni pravnik  <\/li>\n<!-- \/wp:list-item -->\n\n<!-- wp:list-item -->\n<li>Ivan Dev\u010di\u0107, mag. prava  <\/li>\n<!-- \/wp:list-item -->\n\n<!-- wp:list-item -->\n<li>Ana Jeli\u0107, dipl. pravnik - voditeljica  <\/li>\n<!-- \/wp:list-item -->\n\n<!-- wp:list-item -->\n<li>Sanda Kova\u010di\u0107, dipl. ekonomist   <\/li>\n<!-- \/wp:list-item -->\n\n<!-- wp:list-item -->\n<li>Mirko Vin\u010di\u0107, dipl. ekonomist  <\/li>\n<!-- \/wp:list-item -->\n\n<!-- wp:list-item -->\n<li>Valerija \u0160prajc, dipl. ekonomist <\/li>\n<!-- \/wp:list-item --><\/ul>\n<!-- \/wp:list -->\n\n<!-- wp:paragraph -->\n<p><\/p>\n<!-- \/wp:paragraph -->\n\n<!-- wp:paragraph -->\n<p>U stru\u010dno vije\u0107a <strong>nastavnika hrvatskoga jezika<\/strong> imenuju se:                    <\/p>\n<!-- \/wp:paragraph -->\n\n<!-- wp:list -->\n<ul><!-- wp:list-item -->\n<li>Vesna Bi\u010dani\u0107 Janje, prof. povijesti i hrvatskog jezika i knji\u017eevnosti <\/li>\n<!-- \/wp:list-item -->\n\n<!-- wp:list-item -->\n<li>Aleksandra Juri\u0107, prof. hrvatskog jezika i knji\u017eevnosti <\/li>\n<!-- \/wp:list-item -->\n\n<!-- wp:list-item -->\n<li>Marija Juri\u0107, prof. hrvatskog jezika i knji\u017eevnosti  <\/li>\n<!-- \/wp:list-item -->\n\n<!-- wp:list-item -->\n<li>Dajana  Kne\u017eevi\u0107, prof. hrvatskog jezika i knji\u017eevnosti <\/li>\n<!-- \/wp:list-item -->\n\n<!-- wp:list-item -->\n<li>Irena Mikajevi\u0107, mag. kroatologije - voditeljica  <\/li>\n<!-- \/wp:list-item --><\/ul>\n<!-- \/wp:list -->\n\n<!-- wp:paragraph -->\n<p><\/p>\n<!-- \/wp:paragraph -->\n\n<!-- wp:paragraph -->\n<p>U stru\u010dno vije\u0107e <strong>nastavnika prirodne grupe predmeta<\/strong> imenuju se:  <\/p>\n<!-- \/wp:paragraph -->\n\n<!-- wp:list -->\n<ul><!-- wp:list-item -->\n<li>Martina Ban\u010di\u0107, magistra edukacije matematike i informatike<\/li>\n<!-- \/wp:list-item -->\n\n<!-- wp:list-item -->\n<li>Jasna Tomljenovi\u0107, magistra edukcije biologije <\/li>\n<!-- \/wp:list-item -->\n\n<!-- wp:list-item -->\n<li>Mato Kuha\u010d, prof. matematike i fizike <\/li>\n<!-- \/wp:list-item -->\n\n<!-- wp:list-item -->\n<li>Ana Mladinovi\u0107, dipl. ing. kemijske tehnologije <\/li>\n<!-- \/wp:list-item -->\n\n<!-- wp:list-item -->\n<li>Darija Pastuovi\u0107, dipl. ing. matematike  <\/li>\n<!-- \/wp:list-item -->\n\n<!-- wp:list-item -->\n<li>Ana Seletkovi\u0107, prof. matematike i informatike - voditeljica <\/li>\n<!-- \/wp:list-item -->\n\n<!-- wp:list-item -->\n<li>Nikola Sivri\u0107, dipl. geograf<\/li>\n<!-- \/wp:list-item -->\n\n<!-- wp:list-item -->\n<li>Sveri\u0107,\u00a0 Anamarija, magistra geografije<\/li>\n<!-- \/wp:list-item --><\/ul>\n<!-- \/wp:list -->\n\n<!-- wp:paragraph -->\n<p><\/p>\n<!-- \/wp:paragraph -->\n\n<!-- wp:paragraph -->\n<p>U stru\u010dno vije\u0107e <strong>nastavnika dru\u0161tvene grupe predmeta i nastavnika tjelesne i zdravstvene kulture<\/strong> imenuju se:    <\/p>\n<!-- \/wp:paragraph -->\n\n<!-- wp:list -->\n<ul><!-- wp:list-item -->\n<li>Ivanka Alaber, dipl. kateheta   <\/li>\n<!-- \/wp:list-item -->\n\n<!-- wp:list-item -->\n<li>Diana Glava\u0161,  mag. kineziologije   <\/li>\n<!-- \/wp:list-item -->\n\n<!-- wp:list-item -->\n<li>Snje\u017eana Cindri\u0107, prof. fizi\u010dke kulture    <\/li>\n<!-- \/wp:list-item -->\n\n<!-- wp:list-item -->\n<li>Marko Gali\u0107, magistar latinskog jezika i knji\u017eevnosti   <\/li>\n<!-- \/wp:list-item -->\n\n<!-- wp:list-item -->\n<li>Ana Ram\u0161ak, prof. povijesti i povijesti umjetnosti   <\/li>\n<!-- \/wp:list-item -->\n\n<!-- wp:list-item -->\n<li>Snje\u017eana Jergovi\u0107 Toli\u0107, profesor filozofije i religijske kulture   <\/li>\n<!-- \/wp:list-item -->\n\n<!-- wp:list-item -->\n<li>Zvonimir Maji\u0107, prof. fizi\u010dke kulture <\/li>\n<!-- \/wp:list-item -->\n\n<!-- wp:list-item -->\n<li>Mihaela Mari\u010devi\u0107, dipl. teolog <\/li>\n<!-- \/wp:list-item -->\n\n<!-- wp:list-item -->\n<li>Ivana Seletkovi\u0107, dr. sociolo\u0161kih znanosti <\/li>\n<!-- \/wp:list-item -->\n\n<!-- wp:list-item -->\n<li>Josip Skoko, prof. povijesti <\/li>\n<!-- \/wp:list-item -->\n\n<!-- wp:list-item -->\n<li>Ana \u017dalac, mag. edu. hrvatskog jezika i knji\u017eevnosti i mag. edukacije povijesti - voditeljica <\/li>\n<!-- \/wp:list-item -->\n\n<!-- wp:list-item -->\n<li>Ivana \u017dalac, magistra edukacije filozofije i povijesti<\/li>\n<!-- \/wp:list-item --><\/ul>\n<!-- \/wp:list -->","_et_gb_content_width":"","footnotes":""},"class_list":["post-293968","page","type-page","status-publish","hentry"],"_links":{"self":[{"href":"https:\/\/ss-ekonomsko-birotehnicka-sb.skole.hr\/index.php?rest_route=\/wp\/v2\/pages\/293968","targetHints":{"allow":["GET"]}}],"collection":[{"href":"https:\/\/ss-ekonomsko-birotehnicka-sb.skole.hr\/index.php?rest_route=\/wp\/v2\/pages"}],"about":[{"href":"https:\/\/ss-ekonomsko-birotehnicka-sb.skole.hr\/index.php?rest_route=\/wp\/v2\/types\/page"}],"author":[{"embeddable":true,"href":"https:\/\/ss-ekonomsko-birotehnicka-sb.skole.hr\/index.php?rest_route=\/wp\/v2\/users\/826"}],"replies":[{"embeddable":true,"href":"https:\/\/ss-ekonomsko-birotehnicka-sb.skole.hr\/index.php?rest_route=%2Fwp%2Fv2%2Fcomments&post=293968"}],"version-history":[{"count":10,"href":"https:\/\/ss-ekonomsko-birotehnicka-sb.skole.hr\/index.php?rest_route=\/wp\/v2\/pages\/293968\/revisions"}],"predecessor-version":[{"id":305964,"href":"https:\/\/ss-ekonomsko-birotehnicka-sb.skole.hr\/index.php?rest_route=\/wp\/v2\/pages\/293968\/revisions\/305964"}],"wp:attachment":[{"href":"https:\/\/ss-ekonomsko-birotehnicka-sb.skole.hr\/index.php?rest_route=%2Fwp%2Fv2%2Fmedia&parent=293968"}],"curies":[{"name":"wp","href":"https:\/\/api.w.org\/{rel}","templated":true}]}}