{"id":294904,"date":"2023-11-21T08:09:20","date_gmt":"2023-11-21T07:09:20","guid":{"rendered":"https:\/\/ss-ekonomsko-birotehnicka-sb.skole.hr\/?page_id=294904"},"modified":"2024-08-30T10:59:59","modified_gmt":"2024-08-30T08:59:59","slug":"psihologinja","status":"publish","type":"page","link":"https:\/\/ss-ekonomsko-birotehnicka-sb.skole.hr\/?page_id=294904","title":{"rendered":"Psihologinja"},"content":{"rendered":"\n<p><strong>Dragi u\u010denici, roditelji i nastavnici, &nbsp;<\/strong><\/p>\n\n\n\n<p>Na ovoj stranici mo\u017eete prona\u0107i aktualna doga\u0111anja i korisne savjete iz podru\u010dja kojim se bavi \u0161kolska psihologinja.<\/p>\n\n\n\n<p>Iako je uloga \u0161kolske psihologinje raznolika, uglavnom se odnosi na savjetodavni rad u\u010denika. Glavni cilj je pru\u017eiti podr\u0161ku i savjetovati u\u010denike kako bi \u0161to kvalitetnije razvili svoje potencijale, psihi\u010dko zdravlje te se uspje\u0161no suo\u010dili s razli\u010ditim izazovima u \u0161koli i \u017eivotu. Ovdje je va\u017eno naglasiti da \u0161kolska psihologinja radi savjetovanje i podr\u0161ku, dok kod potrebe za znanjima drugih stru\u010dnjaka (poput klini\u010dkog psihologa ili psihoterapeuta) \u0161kolska psihologinja dalje upu\u0107uje u\u010denike.<\/p>\n\n\n\n<p>Osim s u\u010denicima, psihologinja sura\u0111uje s nastavnicima i roditeljima. Ostale aktivnosti uklju\u010duju edukacije, kreiranje psihoedukativnih sadr\u017eaja i radionica, provo\u0111enje istra\u017eivanja, pra\u0107enje napretka u\u010denika, prevencije i intervencije u pona\u0161anju, itd.<\/p>\n\n\n\n<p>Ako \u017eelite saznati vi\u0161e o nekoj od psiholo\u0161kih tema ili imate potrebu za savjetovanjem, slobodno se obratite \u0161kolskoj psihologinji Ani Samard\u017ei\u0107.<\/p>\n\n\n\n<p><strong>Radno vrijeme: <\/strong>8:00-14:00<\/p>\n\n\n\n<p>&nbsp;&nbsp;&nbsp;&nbsp;&nbsp;&nbsp;&nbsp;&nbsp;&nbsp;&nbsp;&nbsp;&nbsp;&nbsp;&nbsp;&nbsp;&nbsp;&nbsp;&nbsp;&nbsp;&nbsp;&nbsp;&nbsp;&nbsp;&nbsp;&nbsp;&nbsp;&nbsp;&nbsp;&nbsp; tel: 035 443-175<\/p>\n","protected":false},"excerpt":{"rendered":"<p>Dragi u\u010denici, roditelji i nastavnici, &nbsp; Na ovoj stranici mo\u017eete prona\u0107i aktualna doga\u0111anja i korisne savjete iz podru\u010dja kojim se bavi \u0161kolska psihologinja. Iako je uloga \u0161kolske psihologinje raznolika, uglavnom se odnosi na savjetodavni rad u\u010denika. Glavni cilj je pru\u017eiti podr\u0161ku i savjetovati u\u010denike kako bi \u0161to kvalitetnije razvili svoje potencijale, psihi\u010dko zdravlje te se [&hellip;]<\/p>\n","protected":false},"author":826,"featured_media":0,"parent":20,"menu_order":2,"comment_status":"closed","ping_status":"closed","template":"","meta":{"_et_pb_use_builder":"off","_et_pb_old_content":"<!-- wp:paragraph -->\n<p>PSIHOLOGINJA: Ana Samard\u017ei\u0107<\/p>\n<!-- \/wp:paragraph -->\n\n<!-- wp:paragraph -->\n<p>tel: 035 443-175<\/p>\n<!-- \/wp:paragraph -->","_et_gb_content_width":"","footnotes":""},"_links":{"self":[{"href":"https:\/\/ss-ekonomsko-birotehnicka-sb.skole.hr\/index.php?rest_route=\/wp\/v2\/pages\/294904"}],"collection":[{"href":"https:\/\/ss-ekonomsko-birotehnicka-sb.skole.hr\/index.php?rest_route=\/wp\/v2\/pages"}],"about":[{"href":"https:\/\/ss-ekonomsko-birotehnicka-sb.skole.hr\/index.php?rest_route=\/wp\/v2\/types\/page"}],"author":[{"embeddable":true,"href":"https:\/\/ss-ekonomsko-birotehnicka-sb.skole.hr\/index.php?rest_route=\/wp\/v2\/users\/826"}],"replies":[{"embeddable":true,"href":"https:\/\/ss-ekonomsko-birotehnicka-sb.skole.hr\/index.php?rest_route=%2Fwp%2Fv2%2Fcomments&post=294904"}],"version-history":[{"count":6,"href":"https:\/\/ss-ekonomsko-birotehnicka-sb.skole.hr\/index.php?rest_route=\/wp\/v2\/pages\/294904\/revisions"}],"predecessor-version":[{"id":298911,"href":"https:\/\/ss-ekonomsko-birotehnicka-sb.skole.hr\/index.php?rest_route=\/wp\/v2\/pages\/294904\/revisions\/298911"}],"up":[{"embeddable":true,"href":"https:\/\/ss-ekonomsko-birotehnicka-sb.skole.hr\/index.php?rest_route=\/wp\/v2\/pages\/20"}],"wp:attachment":[{"href":"https:\/\/ss-ekonomsko-birotehnicka-sb.skole.hr\/index.php?rest_route=%2Fwp%2Fv2%2Fmedia&parent=294904"}],"curies":[{"name":"wp","href":"https:\/\/api.w.org\/{rel}","templated":true}]}}